6.
5, 11, 41
Suppose 3*g + 3*g - 258 = 0. Let n = g - 3. List the prime factors of n.
2, 5
Suppose 2*j = -j + j. Suppose j = -5*i + 19 + 91. What are the prime factors of i?
2, 11
Let z = 4 + -9. Let a = 39 + z. Let h = a - 24. List the prime factors of h.
2, 5
Let l(s) = -s + 22. Let y(w) = -w**3 + 6*w**2 + 6*w + 7. Let g = -5 - -12. Let h be y(g). List the prime factors of l(h).
2, 11
Suppose 5*r = -0*r + 20. Let v be (-2 - -2)/(3 + -5). Suppose v = -c - r*c + 100. List the prime factors of c.
2, 5
Let f = -9 - -15. Suppose 3*s + c = 114, 4*s - 2*c = f*s - 80. Suppose 2*m - s + 1 = 0. List the prime factors of m.
2, 3
Let c = -258 + 387. What are the prime factors of c?
3, 43
Let q = -698 + 352. Let x = q + 599. What are the prime factors of x?
11, 23
Let j(y) = 2*y**2 + 3. Let t(v) = -v - 11. Let c be t(-6). List the prime factors of j(c).
53
Let j(n) = 63*n**2 + 81*n + 6. List the prime factors of j(-5).
2, 3, 7
Suppose m - 3*m + 4 = 0. Suppose -p - m*d - 31 = 0, 0 = -2*p + 6*d - 2*d - 78. Let s = -12 - p. What are the prime factors of s?
23
Let o(r) = -7*r**2 - 12*r - 2. Let j(q) = -q**2 - q. Let m(k) = -6*j(k) + o(k). Let x be m(-4). List the prime factors of (34/x)/((-1)/(-3)).
17
What are the prime factors of ((-2)/6)/((-27)/81486)?
2, 503
What are the prime factors of (-14)/63 - 2981/(-9) - -2?
3, 37
Let n = 4624 + -2617. What are the prime factors of (2/(-6))/(4011/n + -2)?
223
Let i(y) = -6*y**2 - 3*y**3 + 2*y**3 + 0*y**2 - y - 5*y**2. Let d be i(-11). Suppose -96 = -5*h - d. List the prime factors of h.
17
Let l = 1068 - 190. What are the prime factors of l?
2, 439
Let y be (-63)/(-5) - (-2)/5. Suppose 7*n + y = 8*n. What are the prime factors of n?
13
List the prime factors of (-2)/4 + -7 + (-3945)/(-6).
2, 5, 13
List the prime factors of (-273)/(-5) - (-38)/95.
5, 11
Let x(p) = -p**2 + 102*p + 42. List the prime factors of x(55).
37, 71
Let z(q) = -47*q + 204. List the prime factors of z(-23).
5, 257
Let k be (68/(-51))/(1/(-36)). Suppose -2*u + k = j, 0*u + 63 = 3*u - 3*j. List the prime factors of u.
23
List the prime factors of (-4)/(-3) - (-8296)/24.
347
Suppose 8*p + 18 = 330. What are the prime factors of 14*p*2/12?
7, 13
Let a(l) = -65*l**3 - 3*l**2 - 8*l - 4. Let t be a(-2). Suppose 11*d - 998 - t = 0. List the prime factors of d.
2, 3, 23
Let d(u) = 3*u**3 - 85*u**2 + 42*u - 161. List the prime factors of d(30).
11, 509
Let m(z) = 3*z**2 + 2*z - 27. Let p be m(-8). Let a = p - 13. List the prime factors of a.
2, 17
Suppose 5*n - s - 21 = 56, -2*n + 29 = -s. Let g = 70 + -82. Let m = g + n. What are the prime factors of m?
2
Let j(c) = -c**3 - 7*c**2 - 12*c. Let b be j(-10). Suppose b = 7*d - d. List the prime factors of d.
2, 5, 7
Let z = -76 - -533. What are the prime factors of z?
457
Suppose -z + 1961 = -2*b + 290, 0 = -5*z - 4*b + 8327. What are the prime factors of z?
1667
Let w = -1025 - -1940. What are the prime factors of w?
3, 5, 61
Let c(u) = 3*u - 1. Let y(x) = -2*x + 2. Suppose 4*m - 7 - 5 = 0. Let q(f) = m*c(f) + 2*y(f). List the prime factors of q(9).
2, 23
Suppose 11*m + 356 = 15*m. Let p be (-3)/(-18) - m/(-6). Suppose 0 = -2*h + 19 + p. What are the prime factors of h?
17
Suppose -4*t - 2*c - c = -10541, 3*t = -c + 7907. List the prime factors of t.
2, 659
Let r(k) = 88*k - 217. What are the prime factors of r(16)?
3, 397
Suppose 63 = 3*o - 2*l, 4*o - 4*l - 84 = -6*l. List the prime factors of o.
3, 7
Let r be 4/((-220)/(-375)) - (-2)/11. Let q(u) = u**3 - u**2 - 2*u - 17. What are the prime factors of q(r)?
263
Suppose 0 = 6*p - 4*p - 14. Suppose -44 - 22 = -3*i. Suppose o = p + i. List the prime factors of o.
29
Let f(q) = 24*q - 43. List the prime factors of f(36).
821
Suppose -2*m + 2*d + 182 - 38 = 0, -344 = -5*m + d. Let h = m - 47. What are the prime factors of h?
3, 7
Suppose -399 = -33*g - 36. Suppose 0 = -5*k + 758 + 117. Suppose g*v = 16*v - k. List the prime factors of v.
5, 7
Let a(x) = -6*x**3 - 5*x**2 - 20*x + 28. What are the prime factors of a(-8)?
2, 3, 5, 7
List the prime factors of 97 + (18 - -2)/(-4).
2, 23
Let z = 25 + -22. Let n be ((-62)/4)/(z/(-6)). Let t = -6 + n. List the prime factors of t.
5
Suppose -5*m = p + 45, -5*m + 5*p - 12 - 3 = 0. Suppose -8 = -3*d - d. What are the prime factors of (-4)/m + 25/d?
13
Suppose -5*m = -4*m - 2. Let f(q) = -7 - 1 - m*q + 1 + 4*q. What are the prime factors of f(7)?
7
Suppose -20*v = 8*v - 11620. List the prime factors of v.
5, 83
Suppose 8*d - 852 = 3268. Let n = d + -365. What are the prime factors of n?
2, 3, 5
Let a = -10 + -3. Let m(v) = -v**2 - 12*v + 21. Let j be m(a). List the prime factors of (84 - 3)/(12/j).
2, 3
Let u = -102 + 168. Suppose 60 = q + 4*q. Suppose b = u - q. What are the prime factors of b?
2, 3
Suppose 5*b + 8 = 7*b. Suppose -2*q - b*c = -6, c + 1 = -3*q - 0*c. What are the prime factors of q + (37 - (0 - -3))?
3, 11
Let q = -227 - -249. What are the prime factors of q?
2, 11
Let h(z) = -83*z + 34. List the prime factors of h(-8).
2, 349
List the prime factors of 6/(-36) - 7437/(-18).
7, 59
Suppose 0 = u - 4*c + 1, 5*u - c - c = 13. Suppose 0*a + n - 3 = -u*a, 0 = 4*a + n - 3. List the prime factors of (a - 1)*(-14 - -9).
5
Let t = 2386 - 2216. What are the prime factors of t?
2, 5, 17
Let p be (3/(-15))/((-2)/50). Suppose 0*c + q = -c + 9, -p*c + 41 = 4*q. What are the prime factors of c?
5
Suppose 4*h - 5*h - u = -223, 0 = 3*h + 4*u - 668. Suppose 3*y = 7*y - h. Let b = y - 38. List the prime factors of b.
2, 3
Let w be 3 + -2 + (-9)/1. Let z(c) = -c**3 - 8*c**2 + c + 11. Let u be z(w). Suppose -5*b + 3*q + 53 = -20, -3*b + u*q = -45. What are the prime factors of b?
2, 7
Let c(m) = 19*m + 27. Suppose 0*t - 2*t = -12. What are the prime factors of c(t)?
3, 47
Suppose 12*a - 10556 = 2764. What are the prime factors of a?
2, 3, 5, 37
Let m = -17 - -17. Let y(c) = c**3 - c**2 - c + 5. Let g be y(m). Let x(r) = 2*r**2 - 2*r + 4. List the prime factors of x(g).
2, 11
Let x = -1830 + 3112. What are the prime factors of x?
2, 641
Suppose 0 = -3*d + 3*t + 1890 + 330, 0 = 5*t - 5. What are the prime factors of d?
3, 13, 19
Let o(x) = x**2 - 9*x + 3. Let s be o(10). Suppose -h - s = -43. List the prime factors of h.
2, 3, 5
Let x be (-1 + 23/4)*(-520)/(-10). Let i = x - 97. List the prime factors of i.
2, 3, 5
Suppose 3*r - 2*i + 4*i - 5629 = 0, 4*r = 2*i + 7510. List the prime factors of r.
1877
Suppose -31 = 5*j - 56, 3*j = -5*y + 2905. List the prime factors of y.
2, 17
Suppose -4*u + u = 0, -u = -3*n + 1830. List the prime factors of n.
2, 5, 61
What are the prime factors of 15100/6 + (182/42)/13?
3, 839
Suppose 4*m = -4*h + 4824, -2*m + 4818 = 5*h - h. What are the prime factors of h?
3, 401
Let c(j) = 17*j + 15. Let x(t) = -16*t - 15. Let s(l) = 6*c(l) + 7*x(l). Let z be s(-13). Let n = z + -72. What are the prime factors of n?
43
Let c(y) = y**3 - 7*y**2 + 7*y - 2. Let v be c(6). Suppose -2*f - 10 = -v*f. Suppose f*d = 203 - 33. List the prime factors of d.
2, 17
Let o(n) be the second derivative of -n**5/20 - 5*n**4/12 - n**3/3 - n**2 + n. Suppose -2*f - 39 = 5*z - 9, 5*z + 20 = 0. List the prime factors of o(f).
2
List the prime factors of 1009*1 - (-532)/(-76).
2, 3, 167
Let v(b) = 4 + 2*b - 3*b - 9. Let z be v(-4). List the prime factors of (-3 - (z - 1))*-23.
23
Let p be ((-27)/4)/(18/(-72)). What are the prime factors of -1 + 21/p - 1811/(-9)?
3, 67
Suppose -138*m + 178*m - 183640 = 0. List the prime factors of m.
4591
Suppose 4*n + 111 - 503 = 0. Suppose -4*s + 46 = -n. List the prime factors of s.
2, 3
Suppose 0 = -4*v + 25 + 23. Suppose m + v = 4*m. Suppose c = -0*c + m*a + 44, -4*c - a = -91. List the prime factors of c.
2, 3
Let r(m) = 693*m**2 + m - 1. Let i be r(1). What are the prime factors of (-8)/(-3)*i/28?
2, 3, 11
Let l(r) = r**3 - 6*r**2 - 2*r + 7. Let n be l(6). Let x = 8 + n. Suppose 0 = o - 3*i - 12, -3*o + 4*i - x*i = -12. What are the prime factors of o?
3
Let t be 6 - ((-1)/3 + (-63)/(-27)). Let a be (5 - -3)*(-2)/(-4). Suppose 0*r - a*r = -4*f + 112, -t*r = 5*f - 176. What are the prime factors of f?
2
Suppose -2*n - 2*n + 11 = h, 3*n - 8 = -h. Let j be ((-18)/48)/((35/40)/(-7)). Suppose j = -n*u, 3*k + 2*k + u - 254 = 0. What are the prime factors of k?
3, 17
Let x = -81 + 84. Suppo